 digit of d(t)?
3
Let s be 1 - (-1 + 5 + 1). What is the units digit of (35/s)/(5/(-20))?
5
Let c be (108/16)/(2/(-16)). What is the units digit of (2/1)/((-9)/c)?
2
Suppose 0*u = 2*u + 5*n - 48, -3*u - 3*n + 90 = 0. What is the tens digit of u?
3
Let i(g) = 2*g**2 - 4*g - 5. Suppose -5 = -3*u + 10. What is the units digit of i(u)?
5
Let u(y) = y + 9. Let z be u(-8). Suppose 0 = 3*b + z - 13. Suppose -2*t + b + 6 = 3*k, k + 3*t = 1. What is the units digit of k?
4
Suppose 5*t = m + 118 + 58, -2*m = 2. Suppose 4*o - 40 = 3*x, t = 3*o - 2*x + 4. What is the tens digit of o?
1
Suppose -4*j + 4*c = -268 + 48, 61 = j + c. What is the units digit of j?
8
Let l(f) = f + 7. What is the tens digit of l(5)?
1
What is the tens digit of (-567)/(-6) - (-1)/2?
9
Let v = -3 + 1. What is the units digit of 2/(-3)*(v + -1)?
2
Let o(z) = -6*z**3 + 3*z**2 + 4*z - 3. Let k(w) = 7*w**3 - 4*w**2 - 4*w + 3. Let n(v) = 5*k(v) + 6*o(v). What is the units digit of n(-4)?
3
Suppose 7*i + 5*w + 294 = 8*i, -4*w + 1224 = 4*i. What is the units digit of i?
4
Let n = -166 + 333. What is the hundreds digit of n?
1
Let c(f) = f**2 - 8*f + 3. Let k be c(9). What is the units digit of 24*((-32)/k)/(-4)?
6
Let o be 2 + 1 - 6 - 4. What is the units digit of (3/(-2))/(o/14)?
3
Suppose -328 = -4*d - 4*i, -4*i - 492 = -4*d - 188. What is the units digit of d?
9
Let c(d) be the second derivative of d**5/20 - 7*d**4/12 - d**3 - d**2 - 10*d. What is the units digit of c(8)?
4
Let l = -15 - -19. Suppose 2*f - 3*j = -4, -2 - 6 = -l*j. What is the units digit of f?
1
Suppose 0 = -0*j - j + 3*k - 2, 4*j = 3*k + 10. Let p = -2 - -7. Suppose 0 = b + j*b - p. What is the units digit of b?
1
Let n(c) be the first derivative of -c**3/3 + 5*c**2 + c + 6. What is the tens digit of n(9)?
1
Suppose 4*g - 136 = 3*n, -5*n + 5 = -15. What is the units digit of g?
7
Let c be (-3)/12 + (-99)/(-12). Suppose -4*v = -2*v - c. What is the units digit of v?
4
Suppose -5*n + 23 = 3, -7 = 3*f - n. What is the units digit of (2 - 2/f) + -1?
3
Let j be 1/(-2)*-6 - -20. Suppose -z - j - 14 = -5*p, -2*z = p - 14. What is the units digit of p?
8
Suppose k + 3*k = 200. What is the tens digit of k?
5
Let s(b) = -b**2 - 8*b - 3. Let v be (-1*1)/(7/49). Let c be s(v). Suppose 0 = -2*z - w + 20, z + 0*w = c*w - 8. What is the units digit of z?
8
Let u = -1 + 3. Suppose 4*g = -z + 33, u*g + 2*z - 26 = -8. What is the units digit of g?
8
Let t(h) = 5*h**2 - 2*h. Let n be t(2). Let q(d) = n*d**2 + 5 - 17*d**2 - 12*d + 3*d. What is the units digit of q(-7)?
9
Let f be (-23)/(-3)*6/(-2). Let b = -10 - f. What is the units digit of b?
3
Let i(k) = 6*k**2 - 2*k + 5. What is the units digit of i(3)?
3
Let g(q) = 2*q + 30. What is the units digit of g(5)?
0
Let i(d) = 3*d**2 + d - 6. Let b = 25 + -22. What is the units digit of i(b)?
4
Suppose -3*c + 2*r = -836, 4*c + 4*r - 1107 = -r. What is the hundreds digit of c?
2
Suppose 3*o + 3 = 4*o. Suppose -5*r + 18 = 2*k, 2 = -3*r + 5*k - o*k. Suppose 3*y - 4*i = -3*i + 13, -2*i = -2*y + r. What is the units digit of y?
6
What is the units digit of -3 + -1 + 2 - (-1 - 98)?
7
Let k(m) = -m**3 + 2*m**2 + m - 2. What is the units digit of k(-3)?
0
What is the hundreds digit of (47/(-4))/((-4)/48)?
1
Suppose 0 = -3*h + 5*i + 2 + 6, 4*h - 3*i = 18. Let t = h + -3. Suppose -5*z = t*q - 80, -z = 5*q + 3*z - 116. What is the units digit of q?
0
Suppose -168*z = -163*z - 435. What is the tens digit of z?
8
Let a(j) = j**2 + 2*j + 2. What is the units digit of a(5)?
7
Let o be (4 - 1) + 0/2. Suppose l = 4*g - 30, -l = -2*g + o*g - 5. What is the units digit of g?
7
What is the units digit of -1 - -4 - 3 - -47?
7
Suppose -4*i + 2*m + 410 = -0*i, -3*i + 303 = 3*m. What is the units digit of i?
2
Suppose 90 = -0*x + 5*x. Suppose -2*y = -0*y - x. What is the units digit of y?
9
Let j = -10 - -14. Let a(w) be the third derivative of w**4/24 + w**3/3 - w**2. What is the units digit of a(j)?
6
Suppose 5*m + 2*b = -4, -5*m - 3*b + 8*b + 10 = 0. Suppose m*l = -l. Suppose l = -3*u + 24 - 9. What is the units digit of u?
5
Let u(m) = -m**3 - 5*m**2 - 4*m. Let w(h) = -h - 10. Let a be w(-7). Let d be u(a). Let k = d + 10. What is the units digit of k?
4
Let z(j) = j - 2. Suppose -3*h + 6*h = 5*x + 7, 0 = h + x - 5. Let l be z(h). Let r = l - -2. What is the units digit of r?
4
Let h be -6*(-3)/12*2. Let b = 10 - h. What is the units digit of b?
7
Let h be (-2 - (-33)/12) + (-27)/4. Let l(n) = 2*n**2 + n - 1. Let g be l(3). What is the tens digit of g - 6*3/h?
2
Suppose -2*o - 78 = o. Let j = 51 + o. What is the tens digit of j?
2
Let n = -41 + 21. Let a = n - -33. What is the units digit of a?
3
Let n = -188 - -331. What is the hundreds digit of n?
1
Let g = 47 - 11. What is the units digit of g?
6
Suppose -48 - 77 = -5*p. What is the tens digit of p?
2
Suppose 3*t - 20 = -t. Suppose 0 = -4*j - 4*w + 64, -t*j - 3*w + 29 = -43. What is the tens digit of j?
1
Suppose 17*i + 472 = 21*i. What is the units digit of i?
8
Let u(a) = a**2 - 5*a + 3. Let d be u(5). Suppose 0 = 4*b - d*b - 15. What is the tens digit of b?
1
Let d = -18 - -26. Let u be ((-4)/6)/(d/(-372)). Suppose -3*h + 21 = 3*k - 0*h, -4*k = 3*h - u. What is the units digit of k?
0
Let g(q) = -q**3 + 6*q**2 + 8*q - 6. Let u be g(7). Let c = u - 1. Let r = c - -1. What is the units digit of r?
1
Let z = -401 - -679. What is the hundreds digit of z?
2
Suppose -m + 6*m - 25 = 0. What is the units digit of m?
5
Let l(a) = 4*a - 1. Let f = 1 - 0. Let o be l(f). Suppose -o = -2*s + s. What is the units digit of s?
3
Let k = 3 - -2. Let x(u) = u**3 - 4*u**2 - 5*u + 6. What is the units digit of x(k)?
6
Suppose -5*i = -4*l + 360 + 288, -i = l - 171. What is the tens digit of l?
6
Let r(d) be the first derivative of d**4/4 - 4*d**3 + d**2/2 + 15*d + 1. What is the units digit of r(12)?
7
Let n(o) be the second derivative of o**3/6 - o**2 - 2*o. Let z be n(10). Let w = -3 + z. What is the units digit of w?
5
Suppose -255 = -3*f - 4*b, -340 = -4*f + 3*b - 0*b. What is the tens digit of f?
8
Let v(n) = 4*n**3 - 5*n**2 + 5*n + 3. What is the units digit of v(4)?
9
Let i(n) = -2*n**3 - 6*n**2 - 6*n - 20. What is the hundreds digit of i(-5)?
1
Let n(j) = -19*j**3 + j + 1. Let y be n(-1). Suppose -2*m + 7 = 4*a + y, 7 = -3*m + 5*a. Let r = m + 11. What is the units digit of r?
7
Let t be (-1)/(-5) + (-370)/(-25). Let k(i) = t*i - 15*i - 2 + 2*i**2 + i**3. What is the tens digit of k(2)?
1
Suppose -62 - 1 = -3*p. Suppose 3 = 3*m + v + 2*v, p = 5*m + v. What is the units digit of m?
5
Suppose -4*b = w - 351, -w - 64 = -b + 20. Let o = -54 + b. What is the tens digit of o?
3
Let h be (-10)/4*(-12)/15. Suppose -3*a - 11 + 2 = -s, 3*s + 6 = -h*a. Let r = 4 - a. What is the units digit of r?
7
Let p = 6 - 9. Let a(k) be the third derivative of -k**6/120 - k**5/30 - k**3/6 + 2*k**2. What is the units digit of a(p)?
8
Let p be 0 + -1 - (-1 - 19). Let d be -9*(0 - (-3 + 2)). Let g = p + d. What is the tens digit of g?
1
Let d(i) = -i**3 - 2*i**2 + 3*i. Let g(u) = -u**2 + u - 1. Let a(z) = d(z) - 6*g(z). What is the units digit of a(3)?
6
Let c = 114 + -72. What is the units digit of c?
2
What is the tens digit of (5*-1 - (-14 - -10)) + 83?
8
Suppose 0 = 3*k - 4*k + 5*z + 704, -8 = 2*z. What is the units digit of 3/(-15) - k/(-20)?
4
Let v(z) = z + 6. Let t be v(0). Let r = 49 - 15. What is the units digit of r/9 - t/(-27)?
4
Let a = 1 - 2. Let w be 0 + (-1)/a + 0. What is the units digit of 5 + w/(-1) + -1?
3
Let i = -34 + 47. What is the tens digit of i?
1
Suppose -82 + 16 = -2*c. What is the tens digit of c?
3
Suppose c - 126 = -x, -x + 258 = x + 5*c. What is the hundreds digit of x?
1
Let n(w) = -w**2 - 12*w + 2. Let r be n(-7). Suppose 2*h - d - r = 0, -4*d = h - d - 22. What is the tens digit of h?
1
Suppose 5*n - 48 = 4*n. Let g = -33 + n. What is the units digit of g?
5
Suppose -4*c + 9 = -v - 33, -c = -4*v - 18. What is the tens digit of c/15*(-102)/(-4)?
1
What is the hundreds digit of (5128/(-28))/(-1) + 1/(-7)?
1
Suppose 7*a - 3*a + 4*n + 44 = 0, -5*n - 10 = 0. Let q = a - -26. What is the tens digit of q?
1
Let l = 71 - 40. What is the tens digit of 2 - (1 + -3 - l)?
3
Let o(u) be the first derivative of -u**3/3 + 3*u**2 + 4*u - 1. Let f be o(6). Suppose -f